ulate the remainder when 97 is divided by 25.
22
What is the remainder when 109 is divided by 7?
4
What is the remainder when 3959 is divided by 11?
10
Calculate the remainder when 479 is divided by 60.
59
Calculate the remainder when 394 is divided by 9.
7
Calculate the remainder when 4121 is divided by 133.
131
Calculate the remainder when 3501 is divided by 194.
9
Calculate the remainder when 20 is divided by 12.
8
What is the remainder when 201 is divided by 4?
1
What is the remainder when 37 is divided by 28?
9
Calculate the remainder when 104 is divided by 54.
50
What is the remainder when 578 is divided by 74?
60
What is the remainder when 3861 is divided by 56?
53
Calculate the remainder when 216 is divided by 59.
39
Calculate the remainder when 58 is divided by 31.
27
Calculate the remainder when 457 is divided by 79.
62
What is the remainder when 354 is divided by 51?
48
Calculate the remainder when 4588 is divided by 13.
12
What is the remainder when 209 is divided by 7?
6
What is the remainder when 184 is divided by 88?
8
Calculate the remainder when 206 is divided by 195.
11
What is the remainder when 182 is divided by 133?
49
Calculate the remainder when 349 is divided by 71.
65
What is the remainder when 287 is divided by 105?
77
What is the remainder when 108 is divided by 45?
18
What is the remainder when 1666 is divided by 412?
18
Calculate the remainder when 1050 is divided by 39.
36
What is the remainder when 94 is divided by 83?
11
Calculate the remainder when 147 is divided by 32.
19
What is the remainder when 587 is divided by 101?
82
What is the remainder when 321 is divided by 27?
24
What is the remainder when 1760 is divided by 879?
2
What is the remainder when 1556 is divided by 194?
4
Calculate the remainder when 20 is divided by 14.
6
Calculate the remainder when 821 is divided by 18.
11
Calculate the remainder when 127 is divided by 44.
39
Calculate the remainder when 497 is divided by 100.
97
Calculate the remainder when 828 is divided by 64.
60
Calculate the remainder when 85 is divided by 24.
13
Calculate the remainder when 2090 is divided by 4.
2
What is the remainder when 444 is divided by 90?
84
Calculate the remainder when 505 is divided by 71.
8
Calculate the remainder when 2259 is divided by 752.
3
What is the remainder when 240 is divided by 93?
54
What is the remainder when 59 is divided by 2?
1
Calculate the remainder when 5998 is divided by 50.
48
Calculate the remainder when 639 is divided by 32.
31
Calculate the remainder when 145 is divided by 49.
47
What is the remainder when 821 is divided by 8?
5
What is the remainder when 1132 is divided by 7?
5
What is the remainder when 326 is divided by 14?
4
Calculate the remainder when 39 is divided by 10.
9
What is the remainder when 33241 is divided by 11?
10
Calculate the remainder when 171 is divided by 87.
84
What is the remainder when 372 is divided by 125?
122
Calculate the remainder when 1414 is divided by 43.
38
What is the remainder when 1033 is divided by 5?
3
Calculate the remainder when 610 is divided by 17.
15
Calculate the remainder when 532 is divided by 188.
156
What is the remainder when 4153 is divided by 67?
66
What is the remainder when 117 is divided by 93?
24
What is the remainder when 5559 is divided by 20?
19
What is the remainder when 5063 is divided by 253?
3
What is the remainder when 314 is divided by 144?
26
Calculate the remainder when 13 is divided by 6.
1
What is the remainder when 733 is divided by 193?
154
Calculate the remainder when 277 is divided by 38.
11
Calculate the remainder when 2047 is divided by 79.
72
Calculate the remainder when 676 is divided by 375.
301
Calculate the remainder when 2889 is divided by 17.
16
What is the remainder when 832 is divided by 22?
18
Calculate the remainder when 5241 is divided by 351.
327
What is the remainder when 1645 is divided by 103?
100
Calculate the remainder when 544 is divided by 27.
4
Calculate the remainder when 157 is divided by 24.
13
Calculate the remainder when 2367 is divided by 64.
63
What is the remainder when 57 is divided by 37?
20
Calculate the remainder when 1514 is divided by 22.
18
What is the remainder when 76 is divided by 9?
4
What is the remainder when 276 is divided by 69?
0
Calculate the remainder when 583 is divided by 39.
37
What is the remainder when 363 is divided by 26?
25
What is the remainder when 305 is divided by 31?
26
What is the remainder when 130 is divided by 19?
16
Calculate the remainder when 312 is divided by 45.
42
Calculate the remainder when 599 is divided by 36.
23
What is the remainder when 668 is divided by 656?
12
Calculate the remainder when 222 is divided by 45.
42
What is the remainder when 2057 is divided by 37?
22
Calculate the remainder when 128 is divided by 107.
21
What is the remainder when 7168 is divided by 247?
5
What is the remainder when 1408 is divided by 200?
8
What is the remainder when 824 is divided by 92?
88
Calculate the remainder when 109 is divided by 19.
14
What is the remainder when 626 is divided by 11?
10
Calculate the remainder when 363 is divided by 28.
27
What is the remainder when 386 is divided by 157?
72
Calculate the remainder when 238 is divided by 5.
3
Calculate the remainder when 1249 is divided by 115.
99
Calculate the remainder when 323 is divided by 36.
35
Calculate the remainder when 287 is divided by 85.
32
Calculate the remainder when 915 is divided by 17.
14
What is the remainder when 51 is divided by 20?
11
Calculate the remainder when 386 is divided by 126.
8
Calculate the remainder when 41 is divided by 9.
5
What is the remainder when 51 is divided by 46?
5
What is the remainder when 700 is divided by 32?
28
Calculate the remainder when 1125 is divided by 47.
44
What is the remainder when 88 is divided by 12?
4
What is the remainder when 8463 is divided by 17?
14
What is the remainder when 168 is divided by 42?
0
Calculate the remainder when 371 is divided by 125.
121
Calculate the remainder when 1401 is divided by 52.
49
What is the remainder when 292 is divided by 101?
90
What is the remainder when 819 is divided by 82?
81
Calculate the remainder when 105 is divided by 23.
13
Calculate the remainder when 195 is divided by 25.
20
Calculate the remainder when 128 is divided by 62.
4
What is the remainder when 32 is divided by 24?
8
What is the remainder when 872 is divided by 170?
22
Calculate the remainder when 3062 is divided by 1525.
12
Calculate the remainder when 501 is divided by 21.
18
What is the remainder when 169 is divided by 43?
40
What is the remainder when 165 is divided by 162?
3
What is the remainder when 342 is divided by 38?
0
Calculate the remainder when 83 is divided by 15.
8
What is the remainder when 2285 is divided by 171?
62
What is the remainder when 81 is divided by 34?
13
Calculate the remainder when 1199 is divided by 18.
11
What is the remainder when 407 is divided by 8?
7
Calculate the remainder when 13561 is divided by 38.
33
Calculate the remainder when 104 is divided by 11.
5
Calculate the remainder when 558 is divided by 41.
25
What is the remainder when 1259 is divided by 45?
44
Calculate the remainder when 303 is divided by 60.
3
What is the remainder when 1254 is divided by 189?
120
What is the remainder when 67 is divided by 23?
21
What is the remainder when 235 is divided by 109?
17
Calculate the remainder when 222 is divided by 109.
4
Calculate the remainder when 191 is divided by 104.
87
What is the remainder when 5298 is divided by 31?
28
What is the remainder when 167 is divided by 50?
17
What is the remainder when 1973 is divided by 21?
20
What is the remainder when 909 is divided by 15?
9
Calculate the remainder when 95299 is divided by 17.
14
What is the remainder when 24 is divided by 14?
10
Calculate the remainder when 3549 is divided by 296.
293
Calculate the remainder when 350 is divided by 89.
83
Calculate the remainder when 262 is divided by 63.
10
Calculate the remainder when 4175 is divided by 14.
3
Calculate the remainder when 99 is divided by 20.
19
Calculate the remainder when 548 is divided by 138.
134
What is the remainder when 312 is divided by 116?
80
Calculate the remainder when 2788 is divided by 162.
34
Calculate t